{"id":3713,"date":"2024-01-30T20:32:28","date_gmt":"2024-01-30T20:32:28","guid":{"rendered":"https:\/\/globalreadyacademy.net\/?page_id=3713"},"modified":"2024-01-30T20:33:57","modified_gmt":"2024-01-30T20:33:57","slug":"demander-un-devis","status":"publish","type":"page","link":"https:\/\/globalready.academy\/?page_id=3713&lang=fr","title":{"rendered":"Demander un devis"},"content":{"rendered":"\t\t<div data-elementor-type=\"wp-page\" data-elementor-id=\"3713\" class=\"elementor elementor-3713\">\n\t\t\t\t\t\t<section data-particle_enable=\"false\" data-particle-mobile-disabled=\"false\" class=\"elementor-section elementor-top-section elementor-element elementor-element-70f5f30 elementor-section-full_width elementor-section-height-min-height elementor-section-stretched elementor-section-height-default elementor-section-items-middle eltdf-parallax-row-no eltdf-content-aligment-left eltdf-elementor-row-grid-no eltdf-disabled-bg-image-bellow-no\" data-id=\"70f5f30\" data-element_type=\"section\" data-e-type=\"section\" data-settings=\"{&quot;stretch_section&quot;:&quot;section-stretched&quot;,&quot;background_background&quot;:&quot;classic&quot;}\">\n\t\t\t\t\t\t<div class=\"elementor-container elementor-column-gap-default\">\n\t\t\t\t\t<div class=\"elementor-column elementor-col-100 elementor-top-column elementor-element elementor-element-65ac3f3\" data-id=\"65ac3f3\" data-element_type=\"column\" data-e-type=\"column\">\n\t\t\t<div class=\"elementor-widget-wrap elementor-element-populated\">\n\t\t\t\t\t\t<div class=\"elementor-element elementor-element-b86e675 elementor-widget elementor-widget-heading\" data-id=\"b86e675\" data-element_type=\"widget\" data-e-type=\"widget\" data-widget_type=\"heading.default\">\n\t\t\t\t<div class=\"elementor-widget-container\">\n\t\t\t\t\t<h1 class=\"elementor-heading-title elementor-size-default\">Demander un devis<\/h1>\t\t\t\t<\/div>\n\t\t\t\t<\/div>\n\t\t\t\t\t<\/div>\n\t\t<\/div>\n\t\t\t\t\t<\/div>\n\t\t<\/section>\n\t\t\t\t<section data-particle_enable=\"false\" data-particle-mobile-disabled=\"false\" class=\"elementor-section elementor-top-section elementor-element elementor-element-70e12bd elementor-section-full_width elementor-section-stretched elementor-section-height-default elementor-section-height-default eltdf-parallax-row-no eltdf-content-aligment-left eltdf-elementor-row-grid-no eltdf-disabled-bg-image-bellow-no\" data-id=\"70e12bd\" data-element_type=\"section\" data-e-type=\"section\" data-settings=\"{&quot;stretch_section&quot;:&quot;section-stretched&quot;,&quot;background_background&quot;:&quot;classic&quot;}\">\n\t\t\t\t\t\t<div class=\"elementor-container elementor-column-gap-default\">\n\t\t\t\t\t<div class=\"elementor-column elementor-col-100 elementor-top-column elementor-element elementor-element-93f2818\" data-id=\"93f2818\" data-element_type=\"column\" data-e-type=\"column\">\n\t\t\t<div class=\"elementor-widget-wrap elementor-element-populated\">\n\t\t\t\t\t\t<section data-particle_enable=\"false\" data-particle-mobile-disabled=\"false\" class=\"elementor-section elementor-inner-section elementor-element elementor-element-0645f7c elementor-section-boxed elementor-section-height-default elementor-section-height-default eltdf-parallax-row-no eltdf-content-aligment-left eltdf-elementor-row-grid-no eltdf-disabled-bg-image-bellow-no\" data-id=\"0645f7c\" data-element_type=\"section\" data-e-type=\"section\">\n\t\t\t\t\t\t<div class=\"elementor-container elementor-column-gap-default\">\n\t\t\t\t\t<div class=\"elementor-column elementor-col-50 elementor-inner-column elementor-element elementor-element-8a92923\" data-id=\"8a92923\" data-element_type=\"column\" data-e-type=\"column\">\n\t\t\t<div class=\"elementor-widget-wrap elementor-element-populated\">\n\t\t\t\t\t\t<div class=\"elementor-element elementor-element-85699c1 elementor-widget elementor-widget-heading\" data-id=\"85699c1\" data-element_type=\"widget\" data-e-type=\"widget\" data-widget_type=\"heading.default\">\n\t\t\t\t<div class=\"elementor-widget-container\">\n\t\t\t\t\t<h2 class=\"elementor-heading-title elementor-size-default\">Formez votre \u00e9quipe<\/h2>\t\t\t\t<\/div>\n\t\t\t\t<\/div>\n\t\t\t\t\t<\/div>\n\t\t<\/div>\n\t\t\t\t<div class=\"elementor-column elementor-col-50 elementor-inner-column elementor-element elementor-element-8ac6570\" data-id=\"8ac6570\" data-element_type=\"column\" data-e-type=\"column\">\n\t\t\t<div class=\"elementor-widget-wrap elementor-element-populated\">\n\t\t\t\t\t\t<div class=\"elementor-element elementor-element-29badc4 eael-wpforms-labels-yes eael-wpforms-form-button-custom elementor-widget elementor-widget-eael-wpforms\" data-id=\"29badc4\" data-element_type=\"widget\" data-e-type=\"widget\" data-widget_type=\"eael-wpforms.default\">\n\t\t\t\t<div class=\"elementor-widget-container\">\n\t\t\t\t\t            <div class=\"eael-contact-form eael-wpforms title-description-hide eael-wpforms-align-default\">\n                                    <div class=\"eael-wpforms-heading\">\n                                                                    <\/div>\n                                <div class=\"wpforms-container wpforms-container-full\" id=\"wpforms-3695\"><form id=\"wpforms-form-3695\" class=\"wpforms-validate wpforms-form wpforms-ajax-form\" data-formid=\"3695\" method=\"post\" enctype=\"multipart\/form-data\" action=\"\/index.php?rest_route=%2Fwp%2Fv2%2Fpages%2F3713\" data-token=\"12ce8270fef0e7a5dcd7ed33514cd480\"><noscript class=\"wpforms-error-noscript\">Please enable JavaScript in your browser to complete this form.<\/noscript><div class=\"wpforms-field-container\"><div id=\"wpforms-3695-field_1-container\" class=\"wpforms-field wpforms-field-name\" data-field-id=\"1\"><label class=\"wpforms-field-label\" for=\"wpforms-3695-field_1\">Nom <span class=\"wpforms-required-label\">*<\/span><\/label><input type=\"text\" id=\"wpforms-3695-field_1\" class=\"wpforms-field-large wpforms-field-required\" name=\"wpforms[fields][1]\" required><\/div><div id=\"wpforms-3695-field_3-container\" class=\"wpforms-field wpforms-field-email\" data-field-id=\"3\"><label class=\"wpforms-field-label\" for=\"wpforms-3695-field_3\">Email <span class=\"wpforms-required-label\">*<\/span><\/label><input type=\"email\" id=\"wpforms-3695-field_3\" class=\"wpforms-field-large wpforms-field-required\" name=\"wpforms[fields][3]\" required><\/div><div id=\"wpforms-3695-field_2-container\" class=\"wpforms-field wpforms-field-phone\" data-field-id=\"2\"><label class=\"wpforms-field-label\" for=\"wpforms-3695-field_2\">T\u00e9l\u00e9phone <span class=\"wpforms-required-label\">*<\/span><\/label><input type=\"tel\" id=\"wpforms-3695-field_2\" class=\"wpforms-field-large wpforms-field-required wpforms-smart-phone-field\" data-rule-smart-phone-field=\"true\" name=\"wpforms[fields][2]\" required><\/div><div id=\"wpforms-3695-field_14-container\" class=\"wpforms-field wpforms-field-text\" data-field-id=\"14\"><label class=\"wpforms-field-label\" for=\"wpforms-3695-field_14\">nom d&#039;entreprise <span class=\"wpforms-required-label\">*<\/span><\/label><input type=\"text\" id=\"wpforms-3695-field_14\" class=\"wpforms-field-large wpforms-field-required\" name=\"wpforms[fields][14]\" required><\/div><div id=\"wpforms-3695-field_5-container\" class=\"wpforms-field wpforms-field-select wpforms-conditional-trigger wpforms-field-select-style-modern\" data-field-id=\"5\"><label class=\"wpforms-field-label\" for=\"wpforms-3695-field_5\">Flux de connaissances disponibles <span class=\"wpforms-required-label\">*<\/span><\/label><select id=\"wpforms-3695-field_5\" class=\"wpforms-field-large wpforms-field-required choicesjs-select\" data-size-class=\"wpforms-field-row wpforms-field-large\" data-search-enabled=\"\" name=\"wpforms[fields][5]\" required=\"required\"><option value=\"\" class=\"placeholder\" disabled  selected='selected'>Gestion du contr\u00f4le des travaux en \u00e9quipe<\/option><option value=\"Gestion du contr\u00f4le des travaux en \u00e9quipe\" >Gestion du contr\u00f4le des travaux en \u00e9quipe<\/option><option value=\"Analyse des d\u00e9faillances et r\u00e9solution des probl\u00e8mes\" >Analyse des d\u00e9faillances et r\u00e9solution des probl\u00e8mes<\/option><option value=\"Mise en place d&#039;un programme de maintenance proactif\" >Mise en place d&#039;un programme de maintenance proactif<\/option><option value=\"Ing\u00e9nierie organisationnelle\" >Ing\u00e9nierie organisationnelle<\/option><option value=\"Plan strat\u00e9gique de gestion des actifs\" >Plan strat\u00e9gique de gestion des actifs<\/option><\/select><div class=\"wpforms-field-description\">S\u00e9lectionnez le sujet qui vous int\u00e9resse<\/div><\/div><div id=\"wpforms-3695-field_10-container\" class=\"wpforms-field wpforms-field-select wpforms-conditional-field wpforms-conditional-show wpforms-field-select-style-modern\" data-field-id=\"10\" style=\"display:none;\"><label class=\"wpforms-field-label\" for=\"wpforms-3695-field_10\">Ateliers <span class=\"wpforms-required-label\">*<\/span><\/label><select id=\"wpforms-3695-field_10\" class=\"wpforms-field-large wpforms-field-required choicesjs-select\" data-size-class=\"wpforms-field-row wpforms-field-large\" data-search-enabled=\"1\" name=\"wpforms[fields][10]\" required=\"required\"><option value=\"\" class=\"placeholder\" disabled  selected='selected'>R\u00e9sum\u00e9 ex\u00e9cutif de la Gestion de Contr\u00f4le du travail Bas\u00e9 sur une \u00e9quipe<\/option><option value=\"R\u00e9sum\u00e9 ex\u00e9cutif de la Gestion de Contr\u00f4le du travail Bas\u00e9 sur une \u00e9quipe\" >R\u00e9sum\u00e9 ex\u00e9cutif de la Gestion de Contr\u00f4le du travail Bas\u00e9 sur une \u00e9quipe<\/option><option value=\"Bases de la planification\" >Bases de la planification<\/option><option value=\"Fondamentaux de la programmation\" >Fondamentaux de la programmation<\/option><option value=\"Principes fondamentaux de la planification et de l&#039;ordonnancement\" >Principes fondamentaux de la planification et de l&#039;ordonnancement<\/option><option value=\"Planification et ordonnancement avanc\u00e9s\" >Planification et ordonnancement avanc\u00e9s<\/option><option value=\"Bases de la coordination des arr\u00eats\" >Bases de la coordination des arr\u00eats<\/option><option value=\"Gestion du contr\u00f4le du travail en \u00e9quipe pour les professionnels de la production\" >Gestion du contr\u00f4le du travail en \u00e9quipe pour les professionnels de la production<\/option><option value=\"Gestion du contr\u00f4le du travail en \u00e9quipe pour le professionnel de la maintenance\" >Gestion du contr\u00f4le du travail en \u00e9quipe pour le professionnel de la maintenance<\/option><option value=\"Auditez et g\u00e9rez votre programme de gestion du contr\u00f4le du travail en \u00e9quipe\" >Auditez et g\u00e9rez votre programme de gestion du contr\u00f4le du travail en \u00e9quipe<\/option><\/select><div class=\"wpforms-field-description\">S\u00e9lectionnez le sujet qui vous int\u00e9resse<\/div><\/div><div id=\"wpforms-3695-field_9-container\" class=\"wpforms-field wpforms-field-select wpforms-conditional-field wpforms-conditional-show wpforms-field-select-style-modern\" data-field-id=\"9\" style=\"display:none;\"><label class=\"wpforms-field-label\" for=\"wpforms-3695-field_9\">Ateliers <span class=\"wpforms-required-label\">*<\/span><\/label><select id=\"wpforms-3695-field_9\" class=\"wpforms-field-large wpforms-field-required choicesjs-select\" data-size-class=\"wpforms-field-row wpforms-field-large\" data-search-enabled=\"\" name=\"wpforms[fields][9]\" required=\"required\"><option value=\"\" class=\"placeholder\" disabled  selected='selected'>R\u00e9sum\u00e9 ex\u00e9cutif des pratiques d\u2019analyse des \u00e9checs et de r\u00e9solution de probl\u00e8mes<\/option><option value=\"R\u00e9sum\u00e9 ex\u00e9cutif des pratiques d\u2019analyse des \u00e9checs et de r\u00e9solution de probl\u00e8mes\" >R\u00e9sum\u00e9 ex\u00e9cutif des pratiques d\u2019analyse des \u00e9checs et de r\u00e9solution de probl\u00e8mes<\/option><option value=\"Programme de d\u00e9veloppement des comp\u00e9tences des animateurs RCFA\" >Programme de d\u00e9veloppement des comp\u00e9tences des animateurs RCFA<\/option><option value=\"Principes de base du d\u00e9pannage\" >Principes de base du d\u00e9pannage<\/option><\/select><div class=\"wpforms-field-description\">S\u00e9lectionnez le sujet qui vous int\u00e9resse<\/div><\/div><div id=\"wpforms-3695-field_11-container\" class=\"wpforms-field wpforms-field-select wpforms-conditional-field wpforms-conditional-show wpforms-field-select-style-modern\" data-field-id=\"11\" style=\"display:none;\"><label class=\"wpforms-field-label\" for=\"wpforms-3695-field_11\">Ateliers <span class=\"wpforms-required-label\">*<\/span><\/label><select id=\"wpforms-3695-field_11\" class=\"wpforms-field-large wpforms-field-required choicesjs-select\" data-size-class=\"wpforms-field-row wpforms-field-large\" data-search-enabled=\"\" name=\"wpforms[fields][11]\" required=\"required\"><option value=\"\" class=\"placeholder\" disabled  selected='selected'>Pr\u00e9sentation g\u00e9n\u00e9rale du d\u00e9veloppement et de l&#039;optimisation du programme PM<\/option><option value=\"Pr\u00e9sentation g\u00e9n\u00e9rale du d\u00e9veloppement et de l&#039;optimisation du programme PM\" >Pr\u00e9sentation g\u00e9n\u00e9rale du d\u00e9veloppement et de l&#039;optimisation du programme PM<\/option><option value=\"RCM bas\u00e9 sur des normes et ses d\u00e9riv\u00e9s (\u00e9l\u00e9ments fondamentaux)\" >RCM bas\u00e9 sur des normes et ses d\u00e9riv\u00e9s (\u00e9l\u00e9ments fondamentaux)<\/option><option value=\"Programme de d\u00e9veloppement des comp\u00e9tences des facilitateurs RCM\" >Programme de d\u00e9veloppement des comp\u00e9tences des facilitateurs RCM<\/option><option value=\"Programme de d\u00e9veloppement des comp\u00e9tences des facilitateurs FMEA\/AMDEC\" >Programme de d\u00e9veloppement des comp\u00e9tences des facilitateurs FMEA\/AMDEC<\/option><option value=\"Competency Development Program for PMO Facilitators\" >Competency Development Program for PMO Facilitators<\/option><\/select><div class=\"wpforms-field-description\">S\u00e9lectionnez le sujet qui vous int\u00e9resse<\/div><\/div><div id=\"wpforms-3695-field_12-container\" class=\"wpforms-field wpforms-field-select wpforms-conditional-field wpforms-conditional-show wpforms-field-select-style-modern\" data-field-id=\"12\" style=\"display:none;\"><label class=\"wpforms-field-label\" for=\"wpforms-3695-field_12\">Ateliers <span class=\"wpforms-required-label\">*<\/span><\/label><select id=\"wpforms-3695-field_12\" class=\"wpforms-field-large wpforms-field-required choicesjs-select\" data-size-class=\"wpforms-field-row wpforms-field-large\" data-search-enabled=\"\" name=\"wpforms[fields][12]\" required=\"required\"><option value=\"\" class=\"placeholder\" disabled  selected='selected'>Aper\u00e7u ex\u00e9cutif de l\u2019ing\u00e9nierie organisationnelle<\/option><option value=\"Aper\u00e7u ex\u00e9cutif de l\u2019ing\u00e9nierie organisationnelle\" >Aper\u00e7u ex\u00e9cutif de l\u2019ing\u00e9nierie organisationnelle<\/option><option value=\"Pr\u00e9sentation des processus m\u00e9tier cl\u00e9s prenant en charge la gestion des actifs\" >Pr\u00e9sentation des processus m\u00e9tier cl\u00e9s prenant en charge la gestion des actifs<\/option><option value=\"Ing\u00e9nierie organisationnelle pour le professionnel des RH\" >Ing\u00e9nierie organisationnelle pour le professionnel des RH<\/option><option value=\"Programme de d\u00e9veloppement des comp\u00e9tences de facilitateur en ing\u00e9nierie organisationnelle\" >Programme de d\u00e9veloppement des comp\u00e9tences de facilitateur en ing\u00e9nierie organisationnelle<\/option><\/select><div class=\"wpforms-field-description\">S\u00e9lectionnez le sujet qui vous int\u00e9resse<\/div><\/div><div id=\"wpforms-3695-field_13-container\" class=\"wpforms-field wpforms-field-select wpforms-conditional-field wpforms-conditional-show wpforms-field-select-style-modern\" data-field-id=\"13\" style=\"display:none;\"><label class=\"wpforms-field-label\" for=\"wpforms-3695-field_13\">Ateliers <span class=\"wpforms-required-label\">*<\/span><\/label><select id=\"wpforms-3695-field_13\" class=\"wpforms-field-large wpforms-field-required choicesjs-select\" data-size-class=\"wpforms-field-row wpforms-field-large\" data-search-enabled=\"\" name=\"wpforms[fields][13]\" required=\"required\"><option value=\"\" class=\"placeholder\" disabled  selected='selected'>Aper\u00e7u ex\u00e9cutif de la strat\u00e9gie d\u2019\u00e9valuation et d\u2019am\u00e9lioration<\/option><option value=\"Aper\u00e7u ex\u00e9cutif de la strat\u00e9gie d\u2019\u00e9valuation et d\u2019am\u00e9lioration\" >Aper\u00e7u ex\u00e9cutif de la strat\u00e9gie d\u2019\u00e9valuation et d\u2019am\u00e9lioration<\/option><option value=\"Mener une \u00e9valuation et d\u00e9finir une strat\u00e9gie d\u2019am\u00e9lioration\" >Mener une \u00e9valuation et d\u00e9finir une strat\u00e9gie d\u2019am\u00e9lioration<\/option><\/select><div class=\"wpforms-field-description\">S\u00e9lectionnez le sujet qui vous int\u00e9resse<\/div><\/div><div id=\"wpforms-3695-field_8-container\" class=\"wpforms-field wpforms-field-number\" data-field-id=\"8\"><label class=\"wpforms-field-label\" for=\"wpforms-3695-field_8\">nombre d&#039;\u00e9tudiants <span class=\"wpforms-required-label\">*<\/span><\/label><input type=\"number\" pattern=\"\\d*\" id=\"wpforms-3695-field_8\" class=\"wpforms-field-large wpforms-field-required\" name=\"wpforms[fields][8]\" required><\/div><div id=\"wpforms-3695-field_7-container\" class=\"wpforms-field wpforms-field-textarea\" data-field-id=\"7\"><label class=\"wpforms-field-label\" for=\"wpforms-3695-field_7\">D\u00e9tails de la demande<\/label><textarea id=\"wpforms-3695-field_7\" class=\"wpforms-field-medium\" name=\"wpforms[fields][7]\" ><\/textarea><\/div><\/div><div class=\"wpforms-submit-container\"><input type=\"hidden\" name=\"wpforms[id]\" value=\"3695\"><input type=\"hidden\" name=\"wpforms[author]\" value=\"1\"><button type=\"submit\" name=\"wpforms[submit]\" id=\"wpforms-submit-3695\" class=\"wpforms-submit\" data-alt-text=\"Envoi en cours...\" data-submit-text=\"Soumettre\" aria-live=\"assertive\" value=\"wpforms-submit\">Soumettre<\/button><img decoding=\"async\" src=\"https:\/\/globalready.academy\/wp-content\/plugins\/wpforms\/assets\/images\/submit-spin.svg\" class=\"wpforms-submit-spinner\" style=\"display: none;\" width=\"26\" height=\"26\" alt=\"Loading\"><\/div><\/form><\/div>  <!-- .wpforms-container -->            <\/div>\n\t\t\t\t<\/div>\n\t\t\t\t<\/div>\n\t\t\t\t\t<\/div>\n\t\t<\/div>\n\t\t\t\t\t<\/div>\n\t\t<\/section>\n\t\t\t\t\t<\/div>\n\t\t<\/div>\n\t\t\t\t\t<\/div>\n\t\t<\/section>\n\t\t\t\t<\/div>\n\t\t","protected":false},"excerpt":{"rendered":"<p>Demander un devis Formez votre \u00e9quipe Por favor, activa JavaScript en tu navegador para completar este formulario.Nom *Email *T\u00e9l\u00e9phone *Flux de connaissances disponibles *Gestion du contr\u00f4le des travaux en \u00e9quipeGestion du contr\u00f4le des travaux en \u00e9quipeAnalyse des d\u00e9faillances et r\u00e9solution [&hellip;]<\/p>\n","protected":false},"author":1,"featured_media":0,"parent":0,"menu_order":0,"comment_status":"closed","ping_status":"closed","template":"","meta":{"_eb_attr":"","footnotes":""},"class_list":["post-3713","page","type-page","status-publish","hentry"],"lang":"fr","translations":{"fr":3713,"es":3703,"en":3698},"pll_sync_post":[],"_links":{"self":[{"href":"https:\/\/globalready.academy\/index.php?rest_route=\/wp\/v2\/pages\/3713","targetHints":{"allow":["GET"]}}],"collection":[{"href":"https:\/\/globalready.academy\/index.php?rest_route=\/wp\/v2\/pages"}],"about":[{"href":"https:\/\/globalready.academy\/index.php?rest_route=\/wp\/v2\/types\/page"}],"author":[{"embeddable":true,"href":"https:\/\/globalready.academy\/index.php?rest_route=\/wp\/v2\/users\/1"}],"replies":[{"embeddable":true,"href":"https:\/\/globalready.academy\/index.php?rest_route=%2Fwp%2Fv2%2Fcomments&post=3713"}],"version-history":[{"count":4,"href":"https:\/\/globalready.academy\/index.php?rest_route=\/wp\/v2\/pages\/3713\/revisions"}],"predecessor-version":[{"id":3717,"href":"https:\/\/globalready.academy\/index.php?rest_route=\/wp\/v2\/pages\/3713\/revisions\/3717"}],"wp:attachment":[{"href":"https:\/\/globalready.academy\/index.php?rest_route=%2Fwp%2Fv2%2Fmedia&parent=3713"}],"curies":[{"name":"wp","href":"https:\/\/api.w.org\/{rel}","templated":true}]}}